{"id":49,"date":"2025-01-23T16:56:44","date_gmt":"2025-01-23T16:56:44","guid":{"rendered":"https:\/\/knopper-steuerberatung.at\/?page_id=49"},"modified":"2025-05-07T10:39:00","modified_gmt":"2025-05-07T10:39:00","slug":"about","status":"publish","type":"page","link":"https:\/\/knopper-steuerberatung.at\/?page_id=49","title":{"rendered":"EEE"},"content":{"rendered":"\t\t<div data-elementor-type=\"wp-page\" data-elementor-id=\"49\" class=\"elementor elementor-49\" data-elementor-post-type=\"page\">\n\t\t\t\t<div class=\"elementor-element elementor-element-203de77 e-flex e-con-boxed e-con e-parent\" data-id=\"203de77\" data-element_type=\"container\" data-e-type=\"container\">\n\t\t\t\t\t<div class=\"e-con-inner\">\n\t\t\t\t<div class=\"elementor-element elementor-element-3debbc3 elementor-widget elementor-widget-heading\" data-id=\"3debbc3\" data-element_type=\"widget\" data-e-type=\"widget\" data-widget_type=\"heading.default\">\n\t\t\t\t<div class=\"elementor-widget-container\">\n\t\t\t\t\t<h2 class=\"elementor-heading-title elementor-size-default\"><a href=\"https:\/\/knopper-steuerberatung.at\">Martin Knopper Steuerberatung <\/a><\/h2>\t\t\t\t<\/div>\n\t\t\t\t<\/div>\n\t\t\t\t\t<\/div>\n\t\t\t\t<\/div>\n\t\t<div class=\"elementor-element elementor-element-cdd8587 e-flex e-con-boxed e-con e-parent\" data-id=\"cdd8587\" data-element_type=\"container\" data-e-type=\"container\" data-settings=\"{&quot;background_background&quot;:&quot;classic&quot;}\">\n\t\t\t\t\t<div class=\"e-con-inner\">\n\t\t<div class=\"elementor-element elementor-element-b976b52 e-con-full e-flex e-con e-child\" data-id=\"b976b52\" data-element_type=\"container\" data-e-type=\"container\">\n\t\t<div class=\"elementor-element elementor-element-68a6a0c0 e-con-full e-flex e-con e-child\" data-id=\"68a6a0c0\" data-element_type=\"container\" data-e-type=\"container\">\n\t\t\t\t<div class=\"elementor-element elementor-element-ef0920f elementor-widget__width-initial elementor-invisible elementor-widget elementor-widget-heading\" data-id=\"ef0920f\" data-element_type=\"widget\" data-e-type=\"widget\" data-settings=\"{&quot;_animation&quot;:&quot;fadeIn&quot;}\" data-widget_type=\"heading.default\">\n\t\t\t\t<div class=\"elementor-widget-container\">\n\t\t\t\t\t<h2 class=\"elementor-heading-title elementor-size-default\"> eee<\/h2>\t\t\t\t<\/div>\n\t\t\t\t<\/div>\n\t\t\t\t<div class=\"elementor-element elementor-element-18203feb animated-slow elementor-widget__width-initial elementor-widget-tablet__width-initial elementor-widget-mobile__width-initial elementor-invisible elementor-widget elementor-widget-heading\" data-id=\"18203feb\" data-element_type=\"widget\" data-e-type=\"widget\" data-settings=\"{&quot;_animation&quot;:&quot;slideInUp&quot;}\" data-widget_type=\"heading.default\">\n\t\t\t\t<div class=\"elementor-widget-container\">\n\t\t\t\t\t<h2 class=\"elementor-heading-title elementor-size-default\">Essentials einfach erkl\u00e4rt: \n<br>Hier erfahren Sie, in losen Abst\u00e4nden, Wissenswertes rund um das Thema Steuer.<\/h2>\t\t\t\t<\/div>\n\t\t\t\t<\/div>\n\t\t\t\t<\/div>\n\t\t\t\t<div class=\"elementor-element elementor-element-ab76249 elementor-widget elementor-widget-spacer\" data-id=\"ab76249\" data-element_type=\"widget\" data-e-type=\"widget\" data-widget_type=\"spacer.default\">\n\t\t\t\t<div class=\"elementor-widget-container\">\n\t\t\t\t\t\t\t<div class=\"elementor-spacer\">\n\t\t\t<div class=\"elementor-spacer-inner\"><\/div>\n\t\t<\/div>\n\t\t\t\t\t\t<\/div>\n\t\t\t\t<\/div>\n\t\t\t\t<\/div>\n\t\t\t\t\t<\/div>\n\t\t\t\t<\/div>\n\t\t<div class=\"elementor-element elementor-element-69e7ab3 e-flex e-con-boxed e-con e-parent\" data-id=\"69e7ab3\" data-element_type=\"container\" data-e-type=\"container\" data-settings=\"{&quot;background_background&quot;:&quot;classic&quot;}\">\n\t\t\t\t\t<div class=\"e-con-inner\">\n\t\t\t\t<div class=\"elementor-element elementor-element-1ea85d98 elementor-widget__width-initial elementor-widget elementor-widget-toggle\" data-id=\"1ea85d98\" data-element_type=\"widget\" data-e-type=\"widget\" data-widget_type=\"toggle.default\">\n\t\t\t\t<div class=\"elementor-widget-container\">\n\t\t\t\t\t\t\t<div class=\"elementor-toggle\">\n\t\t\t\t\t\t\t<div class=\"elementor-toggle-item\">\n\t\t\t\t\t<h3 id=\"elementor-tab-title-5141\" class=\"elementor-tab-title\" data-tab=\"1\" role=\"button\" aria-controls=\"elementor-tab-content-5141\" aria-expanded=\"false\">\n\t\t\t\t\t\t\t\t\t\t\t\t<span class=\"elementor-toggle-icon elementor-toggle-icon-right\" aria-hidden=\"true\">\n\t\t\t\t\t\t\t\t\t\t\t\t\t\t\t<span class=\"elementor-toggle-icon-closed\"><svg class=\"e-font-icon-svg e-fas-plus\" viewBox=\"0 0 448 512\" xmlns=\"http:\/\/www.w3.org\/2000\/svg\"><path d=\"M416 208H272V64c0-17.67-14.33-32-32-32h-32c-17.67 0-32 14.33-32 32v144H32c-17.67 0-32 14.33-32 32v32c0 17.67 14.33 32 32 32h144v144c0 17.67 14.33 32 32 32h32c17.67 0 32-14.33 32-32V304h144c17.67 0 32-14.33 32-32v-32c0-17.67-14.33-32-32-32z\"><\/path><\/svg><\/span>\n\t\t\t\t\t\t\t\t<span class=\"elementor-toggle-icon-opened\"><svg class=\"elementor-toggle-icon-opened e-font-icon-svg e-fas-minus\" viewBox=\"0 0 448 512\" xmlns=\"http:\/\/www.w3.org\/2000\/svg\"><path d=\"M416 208H32c-17.67 0-32 14.33-32 32v32c0 17.67 14.33 32 32 32h384c17.67 0 32-14.33 32-32v-32c0-17.67-14.33-32-32-32z\"><\/path><\/svg><\/span>\n\t\t\t\t\t\t\t\t\t\t\t\t\t<\/span>\n\t\t\t\t\t\t\t\t\t\t\t\t<a class=\"elementor-toggle-title\" tabindex=\"0\">Wichtiges zum Skonto<\/a>\n\t\t\t\t\t<\/h3>\n\n\t\t\t\t\t<div id=\"elementor-tab-content-5141\" class=\"elementor-tab-content elementor-clearfix\" data-tab=\"1\" role=\"region\" aria-labelledby=\"elementor-tab-title-5141\"><p>Macht es Sinn, die Zahlung von Rechnungen aufzuschieben?<\/p><p>\u27a1 Oder:<\/p><p>\u2757 Der Skontoabzug wird sehr oft untersch\u00e4tzt!<\/p><p>\u00a0<\/p><p>\u2b55 Wer hat sich nicht schon mal gedacht:<\/p><p>\u201eAch was, ist ja egal, die paar Prozente \u2026 Ich hab ohnehin 14\/21\/30 Tage Zahlungsziel \u2026 Au\u00dferdem \u2026 ich muss auch noch andere Rechnungen bezahlen \u2026 und ich will nicht ins Minus rutschen \u2026\u201c.<\/p><p>\u00a0<\/p><p>\u2b55 Vorsicht Trugschluss!<\/p><p>Auch \u2013 und gerade \u2013 in Zeiten hoher Zinsen gilt es sehr genau zu kalkulieren und zu rechnen!<\/p><p>\u00a0<\/p><p>\u2705 \u2026 das hei\u00dft:<\/p><p>Wer die Skontofrist ausn\u00fctzt, spart praktisch (fast!) immer Geld!<\/p><p>\u00a0<\/p><p>\u2049\ufe0f Wieso?<\/p><p>\u00a0<\/p><p>\u2b55 Beispiel:<\/p><p>Rechnungsbetrag 10.000 Euro<\/p><p>Zahlungsziel von 30 Tagen, Skontofrist 7 Tage bei 3% Skonto.<\/p><p>\u00a0<\/p><p>\u2705 L\u00f6sung:<\/p><p>Wenn Sie binnen 7 Tagen bezahlen, dann ziehen Sie 300 Euro an Skonto ab. Dies bedeutet somit einen Zahlungsbetrag von 9.700 Euro.<\/p><p>\u00a0<\/p><p>\u2757Anmerkung:<\/p><p>In unserem Beispiel betr\u00e4gt der effektive \u201eJahres-Skonto-Zinssatz\u201c (bei 7 Tagen Skontofrist und Zahlungsziel 30 Tage) also sage und schreibe 48%!!!<\/p><p>\u00a0<\/p><p>\u2049\ufe0f Frage\/Einwand:<\/p><p>Was ist aber, wenn Sie Ihr Gesch\u00e4ftskonto (Kontokorrentkonto) \u00fcberziehen m\u00fcssen, um die 9.700 EUR bezahlen zu k\u00f6nnen?<\/p><p>\u00a0<\/p><p>\u2705 Antwort:<\/p><p>Selbst dann zahlt sich die \u00dcberziehung meistens (!) immer noch aus!<\/p><p>\u00a0<\/p><p>\u2b55 Denn:<\/p><p>Angenommen im konkreten Beispiel w\u00fcrden 8,5% Zinsen (p.a.) auf Ihrem Kontokorrentkonto anfallen, dann k\u00f6nnten Sie Ihr Konto 138 Tage(!), also mehr als 4 \u00bd Monate, (um 9,700 Euro) \u201e\u00fcberziehen\u201c, bis der Zinsvorteil aus dem Skontoabzug \u201ewieder Null\u201c w\u00e4re! Also, erst nach mehr als 138 Tagen w\u00fcrden mehr als 300 Euro an Zinsen anfallen \u2026<\/p><p>\u00a0<\/p><p>\u2705 Entscheidungsregel also:<\/p><p>Nutzen Sie das Skonto jedenfalls aus, wenn die anfallenden Soll-Zinsen am Gesch\u00e4ftskonto weniger ausmachen als der Skontovorteil! Nat\u00fcrlich ist dabei klar, dass, je l\u00e4nger (und h\u00f6her) das Gesch\u00e4ftskonto \u00fcberzogen wird, desto weniger stark wirkt sich der Zinsvorteil aus. Auf alle F\u00e4lle gilt nat\u00fcrlich: immer nachrechnen \u2026 Und selbst dann, wenn Sie schon &#8222;ziemlich im Minus&#8220; bist, falls es deine Liquidit\u00e4t (bzw. \u00dcberziehungsrahmen) erlaubt, nutze das Skonto aus, es ist praktisch immer ein Vorteil! Als letzten Ausweg &#8211; vor allem bei Liquidit\u00e4tsproblemen \u2013 versuchen Sie mit Ihrem Lieferanten l\u00e4ngere Zahlungsziele bzw. Teilzahlungen zu vereinbaren und\/oder sprechen Sie mit Ihrem Steuerberater.<\/p><\/div>\n\t\t\t\t<\/div>\n\t\t\t\t\t\t\t<div class=\"elementor-toggle-item\">\n\t\t\t\t\t<h3 id=\"elementor-tab-title-5142\" class=\"elementor-tab-title\" data-tab=\"2\" role=\"button\" aria-controls=\"elementor-tab-content-5142\" aria-expanded=\"false\">\n\t\t\t\t\t\t\t\t\t\t\t\t<span class=\"elementor-toggle-icon elementor-toggle-icon-right\" aria-hidden=\"true\">\n\t\t\t\t\t\t\t\t\t\t\t\t\t\t\t<span class=\"elementor-toggle-icon-closed\"><svg class=\"e-font-icon-svg e-fas-plus\" viewBox=\"0 0 448 512\" xmlns=\"http:\/\/www.w3.org\/2000\/svg\"><path d=\"M416 208H272V64c0-17.67-14.33-32-32-32h-32c-17.67 0-32 14.33-32 32v144H32c-17.67 0-32 14.33-32 32v32c0 17.67 14.33 32 32 32h144v144c0 17.67 14.33 32 32 32h32c17.67 0 32-14.33 32-32V304h144c17.67 0 32-14.33 32-32v-32c0-17.67-14.33-32-32-32z\"><\/path><\/svg><\/span>\n\t\t\t\t\t\t\t\t<span class=\"elementor-toggle-icon-opened\"><svg class=\"elementor-toggle-icon-opened e-font-icon-svg e-fas-minus\" viewBox=\"0 0 448 512\" xmlns=\"http:\/\/www.w3.org\/2000\/svg\"><path d=\"M416 208H32c-17.67 0-32 14.33-32 32v32c0 17.67 14.33 32 32 32h384c17.67 0 32-14.33 32-32v-32c0-17.67-14.33-32-32-32z\"><\/path><\/svg><\/span>\n\t\t\t\t\t\t\t\t\t\t\t\t\t<\/span>\n\t\t\t\t\t\t\t\t\t\t\t\t<a class=\"elementor-toggle-title\" tabindex=\"0\">Wissen Sie wirklich, ob sie wirtschaftlich arbeiten?<\/a>\n\t\t\t\t\t<\/h3>\n\n\t\t\t\t\t<div id=\"elementor-tab-content-5142\" class=\"elementor-tab-content elementor-clearfix\" data-tab=\"2\" role=\"region\" aria-labelledby=\"elementor-tab-title-5142\"><div id=\"jw-element-393818448\" class=\"jw-tree-node jw-element jw-image-text jw-node-is-first-child\" data-jw-element-id=\"393818448\"><div class=\"jw-element-imagetext-text\"><p>Wissen Sie, wie Sie das herausfinden k\u00f6nnen?<\/p><p>\u00a0<\/p><p>Wenn Sie jetzt antworten: \u201eMit dem <strong>Deckungsbeitrag<\/strong>\u201c \u2026<\/p><p>&#8230; dann brauchen Sie nicht mehr weiter zu lesen.<\/p><p>\u2026 andernfalls nehmen Sie sich 3 Minuten Zeit!<\/p><\/div><\/div><div id=\"jw-element-393818734\" class=\"jw-tree-node jw-element jw-image\" data-jw-element-id=\"393818734\"><div class=\"jw-intent jw-element-image jw-element-child jw-element-content jw-element-activeless jw-element-no-margin  jw-element-image-is-left\" data-high-res-path=\"https:\/\/primary.jwwb.nl\/public\/k\/g\/b\/temp-sahdxrkajiqbzsicweph\/image-high-in5wyd.png\">\u00a0<\/div><\/div><div id=\"jw-element-393818973\" class=\"jw-tree-node jw-element jw-image-text jw-node-is-last-child\" data-jw-element-id=\"393818973\"><div class=\"jw-element-imagetext-text\"><p>\u2705 Der<strong> Deckungsbeitrag (DB)<\/strong> ist f\u00fcr jede\/n Unternehmer:in eine sehr wichtige Kennzahl.<\/p><p>Anhand des DB k\u00f6nnen Sie pr\u00fcfen, ob und wie wirtschaftlich Ihre unternehmerische T\u00e4tigkeit ist.<\/p><p>Eine seri\u00f6se Kalkulation ist ohne Kenntnis des DB daher unm\u00f6glich.<\/p><p>\u00a0<\/p><p>\u2705 Im Kern geht es darum, zu schauen, ob Sie mit Ihrem <strong>Umsatz<\/strong> auch Ihre <strong>fixen Kosten<\/strong> decken k\u00f6nnen.<\/p><p>Daher ist es Voraussetzung, dass Sie auch Ihre variablen Kosten kennen.<\/p><p>\u00a0<\/p><p><strong>Wichtig:<\/strong><\/p><p>Diese Methode eignet sich f\u00fcr traditionelle Unternehmer:innen und Dienstleister:innen.<\/p><p>\u00a0<\/p><p>\u2705 Vor allem <strong>K\u00fcnstler:innen<\/strong> werden sich noch zus\u00e4tzliche Gedanken machen m\u00fcssen, wenn beispielsweise<\/p><p>\u00a0<\/p><ul><li>unregelm\u00e4\u00dfige Einnahmen vorliegen,<\/li><li>variable projektabh\u00e4ngige Kosten stark schwanken,<\/li><li>private und betriebliche Kosten eng miteinander verbunden sind \u2026<\/li><\/ul><p>\u00a0<\/p><p><strong>\u2b55 Kennen Sie ihre variablen und fixen Kosten?<\/strong><\/p><p><strong>\u2b55 Kennen Sie Ihren Deckungsbeitrag?<\/strong><\/p><p><strong>\ud83d\udcde Wenn Sie Hilfe brauchen, melden Sie sie sich &#8211; und ich kann Sie dabei unterst\u00fctzen, wirtschaftlich zu werden!<\/strong><\/p><\/div><\/div><\/div>\n\t\t\t\t<\/div>\n\t\t\t\t\t\t\t<div class=\"elementor-toggle-item\">\n\t\t\t\t\t<h3 id=\"elementor-tab-title-5143\" class=\"elementor-tab-title\" data-tab=\"3\" role=\"button\" aria-controls=\"elementor-tab-content-5143\" aria-expanded=\"false\">\n\t\t\t\t\t\t\t\t\t\t\t\t<span class=\"elementor-toggle-icon elementor-toggle-icon-right\" aria-hidden=\"true\">\n\t\t\t\t\t\t\t\t\t\t\t\t\t\t\t<span class=\"elementor-toggle-icon-closed\"><svg class=\"e-font-icon-svg e-fas-plus\" viewBox=\"0 0 448 512\" xmlns=\"http:\/\/www.w3.org\/2000\/svg\"><path d=\"M416 208H272V64c0-17.67-14.33-32-32-32h-32c-17.67 0-32 14.33-32 32v144H32c-17.67 0-32 14.33-32 32v32c0 17.67 14.33 32 32 32h144v144c0 17.67 14.33 32 32 32h32c17.67 0 32-14.33 32-32V304h144c17.67 0 32-14.33 32-32v-32c0-17.67-14.33-32-32-32z\"><\/path><\/svg><\/span>\n\t\t\t\t\t\t\t\t<span class=\"elementor-toggle-icon-opened\"><svg class=\"elementor-toggle-icon-opened e-font-icon-svg e-fas-minus\" viewBox=\"0 0 448 512\" xmlns=\"http:\/\/www.w3.org\/2000\/svg\"><path d=\"M416 208H32c-17.67 0-32 14.33-32 32v32c0 17.67 14.33 32 32 32h384c17.67 0 32-14.33 32-32v-32c0-17.67-14.33-32-32-32z\"><\/path><\/svg><\/span>\n\t\t\t\t\t\t\t\t\t\t\t\t\t<\/span>\n\t\t\t\t\t\t\t\t\t\t\t\t<a class=\"elementor-toggle-title\" tabindex=\"0\">Gewinnr\u00fccktrag f\u00fcr K\u00fcnstler:innen<\/a>\n\t\t\t\t\t<\/h3>\n\n\t\t\t\t\t<div id=\"elementor-tab-content-5143\" class=\"elementor-tab-content elementor-clearfix\" data-tab=\"3\" role=\"region\" aria-labelledby=\"elementor-tab-title-5143\"><div id=\"jw-element-366474483\" class=\"jw-tree-node jw-element jw-image-text jw-node-is-first-child\" data-jw-element-id=\"366474483\"><div class=\"jw-element-imagetext-text\"><p>\u2b55 Schwankende Eink\u00fcnfte?!<\/p><p>\u2b55 Im laufenden Jahr (viel) mehr Gewinn?!<\/p><p>\u2b55 Sie sind K\u00fcnstler:in oder Schriftsteller:in?!<\/p><\/div><\/div><div id=\"jw-element-366474484\" class=\"jw-tree-node jw-element jw-image\" data-jw-element-id=\"366474484\"><div class=\"jw-intent jw-element-image jw-element-child jw-element-content jw-element-activeless jw-element-no-margin jw-element-image-is-left jw-element-image--full-width-to-420\" data-high-res-path=\"https:\/\/primary.jwwb.nl\/public\/k\/g\/b\/temp-sahdxrkajiqbzsicweph\/image-high-pfkhmj.png\">\u00a0<\/div><\/div><div id=\"jw-element-366474485\" class=\"jw-tree-node jw-element jw-image-text jw-node-is-last-child\" data-jw-element-id=\"366474485\"><div class=\"jw-element-imagetext-text\"><p>\u2705 &#8230; dann sollten Sie \u00fcberlegen, den Gewinnr\u00fccktrag f\u00fcr K\u00fcnstler:innen und Schriftsteller:innen in Anspruch zu nehmen!<\/p><p>\u2705 Effektiv bedeutet das, dass der Gewinn des aktuellen Jahres gedrittelt und auch auf die vorausgegangenen 2 Jahre aufgeteilt wird.<\/p><p>\u2705 So k\u00f6nnen Sie \u2013 \u00fcber 3 Jahre betrachtet \u2013 Einkommensteuer sparen \u2013 also insgesamt weniger Einkommensteuer bezahlen!<\/p><p>\ud83d\ude2f Klingt unglaublich?<\/p><p>\ud83d\ude03 Ist aber wahr!<\/p><p>\ud83d\udcde Fragen Sie mich! Ich kann Ihnen zeigen, wann und wie Sie<\/p><p>\ud83e\udd47 Steuern einfach sparen !\ud83e\udd47<\/p><\/div><\/div><\/div>\n\t\t\t\t<\/div>\n\t\t\t\t\t\t\t\t<\/div>\n\t\t\t\t\t\t<\/div>\n\t\t\t\t<\/div>\n\t\t\t\t\t<\/div>\n\t\t\t\t<\/div>\n\t\t<div class=\"elementor-element elementor-element-1307627 e-flex e-con-boxed e-con e-parent\" data-id=\"1307627\" data-element_type=\"container\" data-e-type=\"container\">\n\t\t\t\t\t<div class=\"e-con-inner\">\n\t\t\t\t<div class=\"elementor-element elementor-element-bd35249 elementor-widget elementor-widget-spacer\" data-id=\"bd35249\" data-element_type=\"widget\" data-e-type=\"widget\" data-widget_type=\"spacer.default\">\n\t\t\t\t<div class=\"elementor-widget-container\">\n\t\t\t\t\t\t\t<div class=\"elementor-spacer\">\n\t\t\t<div class=\"elementor-spacer-inner\"><\/div>\n\t\t<\/div>\n\t\t\t\t\t\t<\/div>\n\t\t\t\t<\/div>\n\t\t\t\t\t<\/div>\n\t\t\t\t<\/div>\n\t\t<div class=\"elementor-element elementor-element-1904b68 e-flex e-con-boxed e-con e-parent\" data-id=\"1904b68\" data-element_type=\"container\" data-e-type=\"container\">\n\t\t\t\t\t<div class=\"e-con-inner\">\n\t\t<div class=\"elementor-element elementor-element-7e16cd9 e-con-full e-flex e-con e-child\" data-id=\"7e16cd9\" data-element_type=\"container\" data-e-type=\"container\">\n\t\t<div class=\"elementor-element elementor-element-34feb9e e-con-full e-flex e-con e-child\" data-id=\"34feb9e\" data-element_type=\"container\" data-e-type=\"container\">\n\t\t\t\t<div class=\"elementor-element elementor-element-f812401 elementor-invisible elementor-widget elementor-widget-heading\" data-id=\"f812401\" data-element_type=\"widget\" data-e-type=\"widget\" data-settings=\"{&quot;_animation&quot;:&quot;fadeIn&quot;}\" data-widget_type=\"heading.default\">\n\t\t\t\t<div class=\"elementor-widget-container\">\n\t\t\t\t\t<h2 class=\"elementor-heading-title elementor-size-default\">haben Sie noch Fragen?<\/h2>\t\t\t\t<\/div>\n\t\t\t\t<\/div>\n\t\t\t\t<div class=\"elementor-element elementor-element-81d5896 elementor-invisible elementor-widget elementor-widget-text-editor\" data-id=\"81d5896\" data-element_type=\"widget\" data-e-type=\"widget\" data-settings=\"{&quot;_animation&quot;:&quot;fadeIn&quot;,&quot;_animation_delay&quot;:300}\" data-widget_type=\"text-editor.default\">\n\t\t\t\t<div class=\"elementor-widget-container\">\n\t\t\t\t\t\t\t\t\t<div class=\"page\" title=\"Page 1\"><div class=\"section\"><div class=\"layoutArea\"><div class=\"column\"><p>Zo\u0308gern Sie nicht, mich zu kontaktieren! Ich freue darauf, Sie kennenzulernen!<\/p><\/div><\/div><\/div><\/div>\t\t\t\t\t\t\t\t<\/div>\n\t\t\t\t<\/div>\n\t\t\t\t<div class=\"elementor-element elementor-element-60545d0 elementor-align-justify elementor-widget__width-initial elementor-invisible elementor-widget elementor-widget-button\" data-id=\"60545d0\" data-element_type=\"widget\" data-e-type=\"widget\" data-settings=\"{&quot;_animation&quot;:&quot;fadeIn&quot;,&quot;_animation_delay&quot;:600}\" data-widget_type=\"button.default\">\n\t\t\t\t<div class=\"elementor-widget-container\">\n\t\t\t\t\t\t\t\t\t<div class=\"elementor-button-wrapper\">\n\t\t\t\t\t<a class=\"elementor-button elementor-button-link elementor-size-sm\" href=\"https:\/\/knopper-steuerberatung.at\/?page_id=32\">\n\t\t\t\t\t\t<span class=\"elementor-button-content-wrapper\">\n\t\t\t\t\t\t\t\t\t<span class=\"elementor-button-text\">Frage Stellen <\/span>\n\t\t\t\t\t<\/span>\n\t\t\t\t\t<\/a>\n\t\t\t\t<\/div>\n\t\t\t\t\t\t\t\t<\/div>\n\t\t\t\t<\/div>\n\t\t\t\t<\/div>\n\t\t\t\t<\/div>\n\t\t<div class=\"elementor-element elementor-element-4f98618 e-con-full e-flex e-con e-child\" data-id=\"4f98618\" data-element_type=\"container\" data-e-type=\"container\" data-settings=\"{&quot;background_background&quot;:&quot;classic&quot;}\">\n\t\t\t\t<\/div>\n\t\t\t\t\t<\/div>\n\t\t\t\t<\/div>\n\t\t\t\t<\/div>\n\t\t","protected":false},"excerpt":{"rendered":"<p>Martin Knopper Steuerberatung eee Essentials einfach erkl\u00e4rt: Hier erfahren Sie, in losen Abst\u00e4nden, Wissenswertes rund um das Thema Steuer. Wichtiges zum Skonto Macht es Sinn, die Zahlung von Rechnungen aufzuschieben? \u27a1 Oder: \u2757 Der Skontoabzug wird sehr oft untersch\u00e4tzt! \u00a0 \u2b55 Wer hat sich nicht schon mal gedacht: \u201eAch was, ist ja egal, die paar [&hellip;]<\/p>\n","protected":false},"author":1,"featured_media":0,"parent":0,"menu_order":0,"comment_status":"closed","ping_status":"closed","template":"elementor_header_footer","meta":{"footnotes":""},"class_list":["post-49","page","type-page","status-publish","hentry","entry"],"_links":{"self":[{"href":"https:\/\/knopper-steuerberatung.at\/index.php?rest_route=\/wp\/v2\/pages\/49","targetHints":{"allow":["GET"]}}],"collection":[{"href":"https:\/\/knopper-steuerberatung.at\/index.php?rest_route=\/wp\/v2\/pages"}],"about":[{"href":"https:\/\/knopper-steuerberatung.at\/index.php?rest_route=\/wp\/v2\/types\/page"}],"author":[{"embeddable":true,"href":"https:\/\/knopper-steuerberatung.at\/index.php?rest_route=\/wp\/v2\/users\/1"}],"replies":[{"embeddable":true,"href":"https:\/\/knopper-steuerberatung.at\/index.php?rest_route=%2Fwp%2Fv2%2Fcomments&post=49"}],"version-history":[{"count":53,"href":"https:\/\/knopper-steuerberatung.at\/index.php?rest_route=\/wp\/v2\/pages\/49\/revisions"}],"predecessor-version":[{"id":451,"href":"https:\/\/knopper-steuerberatung.at\/index.php?rest_route=\/wp\/v2\/pages\/49\/revisions\/451"}],"wp:attachment":[{"href":"https:\/\/knopper-steuerberatung.at\/index.php?rest_route=%2Fwp%2Fv2%2Fmedia&parent=49"}],"curies":[{"name":"wp","href":"https:\/\/api.w.org\/{rel}","templated":true}]}}